 - 16*b**2 + 16*b - 16. Let f be o(15). Let g(x) = 22*x**2. What is the units digit of g(f)?
2
Let j(s) = s + 1. Let f(o) = o**3 + 7*o**2. Let a be f(-7). Suppose 3*q = -a*q + 15. What is the units digit of j(q)?
6
Let x(n) = -n**3 + 5*n**2 - 5*n + 2. What is the units digit of x(3)?
5
Suppose -2*l + 1 - 11 = 0. What is the units digit of 36/2*l/(-10)?
9
Suppose 0*h + 13 = f - 5*h, -5*f - 16 = 2*h. Let j be (6/(-7))/(f/14). Let i = 10 - j. What is the units digit of i?
4
Let d = 18 + -10. Suppose 5*q - 4 = f + f, -5*q - 3*f = -19. Let h = d - q. What is the units digit of h?
6
Let v = 174 + -98. Suppose -2*s + v = 2*y, -3*s + y - 143 = -7*s. What is the tens digit of s?
3
Let d(l) = -14*l - 2. Let w = 11 + -20. Let g be d(w). What is the units digit of 4/6 - g/(-12)?
1
Suppose 4*p + 59 = -9. Let n = p + 22. What is the units digit of n?
5
Let v = -6 + 11. Suppose 2*n = -v*p - 1, 12 = 2*p - 5*n - 5. What is the units digit of (5 - p)/((-3)/(-6))?
8
Let n be (-2 - (1 - 9)) + -2. What is the units digit of ((-28)/8)/((-2)/n)?
7
Suppose 0 = 9*p - 3793 - 194. What is the tens digit of p?
4
Let u be (4 - 1)*4/6. Let t be (1 + u/(-6))*6. What is the units digit of (12/(-10))/(t/(-10))?
3
Suppose -t - 27 = -i + 23, 4*i - 198 = 2*t. Let q = i + -33. What is the units digit of q?
6
Let t = -6 - -7. What is the units digit of t?
1
Let s(x) = x**2 - x - 1. Let q be s(-4). Suppose 2*r - 45 = q. What is the units digit of r?
2
Suppose -5*b + 11 + 24 = 0. Let j(g) = g**3 - 6*g**2 - 5*g - 10. Let c be j(b). Suppose c*l - 24 = -0*l. What is the units digit of l?
6
Suppose -10 - 15 = t. Let v = t - -46. What is the units digit of v?
1
Let b be 3 + -2 + 1 + -1. Let x = 2 - b. What is the units digit of x?
1
Let k be (-115)/10*(3 - 1). Let c = k + 69. Suppose -4*d - 20 = 0, 3*z - 3*d = 2*d + c. What is the units digit of z?
7
Let r(n) = 12 + 2*n - 2*n + n. Let v be r(-7). Let o(y) = 2*y**2 - 7*y + 6. What is the tens digit of o(v)?
2
What is the hundreds digit of ((390/35)/(1/(-21)))/(-2)?
1
Let t = -19 + 27. Suppose 0*s - 4*s + t = 0. What is the units digit of s?
2
Suppose 0 = h + 2*h - 129. What is the tens digit of h?
4
Let r = -24 + 32. Suppose r*y = 12*y - 116. What is the tens digit of y?
2
What is the units digit of (-7 + 1)/(24/(-176))?
4
Suppose 5*o - 193 = 187. What is the tens digit of o?
7
Suppose i + 4*i = 5*f, -5*f + 3 = -4*i. Suppose i*z = -0*z + 66. Suppose -4*g + 34 = -z. What is the units digit of g?
4
Suppose 18*j - 436 = 14*j. What is the tens digit of j?
0
Let j = 37 - 27. What is the tens digit of j?
1
Suppose 4 = -2*f + 4*n - 0, 5*f - 18 = 3*n. Suppose -t + 5 = 0, -w + 15 = -f*w + 5*t. Suppose 6 = -w*z + 38. What is the units digit of z?
6
Let q(s) = -s**3 + 11*s**2 - s + 25. What is the tens digit of q(11)?
1
Let j = 52 - -47. What is the units digit of j?
9
Let m(v) = v**2 - 8*v + 11. Let f(i) = -2*i - 4. Let y = 8 - 14. Let j be f(y). What is the units digit of m(j)?
1
Let u be (-2 - -2) + (22 - 0). Suppose -2*b + u = 3*p - p, 5*p + 65 = 5*b. What is the tens digit of b?
1
Suppose 24*d = 20*d + 748. What is the tens digit of d?
8
Let p(c) = c**2 - 3*c + 2. Let l be p(2). Suppose l = 2*d - 0*d - 18. What is the units digit of d?
9
What is the units digit of (1 + -2)/((-1)/7)?
7
Suppose q - 9 = i - 58, 0 = 2*i - 3*q - 97. Suppose 0*y = 2*y - i. What is the units digit of y?
5
Suppose a + 4*a = -2*p + 223, -2*p + 137 = 3*a. What is the tens digit of a?
4
Suppose 216 = 2*l - 3*w, 33 = -l + w + 139. What is the units digit of l?
2
Let q(h) = -11*h + 21. What is the units digit of q(-10)?
1
Suppose -5*p + w = -235, 46 = -4*p + 5*w + 234. Let n = p + -21. What is the tens digit of n?
2
Let a = -12 - -69. What is the units digit of a?
7
Let c be (-86)/(-10) - 30/50. Suppose 0 = c*o - 4*o - 92. What is the units digit of o?
3
Suppose -2*b = 7 - 21. Suppose z - b = 6. What is the units digit of z?
3
Suppose 5*f + 125 - 610 = 0. What is the tens digit of f?
9
Let u(l) = -l**2 + 10*l + 13. Let d(m) = -4*m - 10. Let n be d(-5). What is the units digit of u(n)?
3
Suppose 5*i - 63 = 2*i. What is the units digit of i?
1
Suppose s + 4 = t + 2*s, 0 = t - 5*s + 20. Let x(w) = w + 6. What is the units digit of x(t)?
6
Let o(k) = k**2 - 8*k - 26. What is the tens digit of o(-7)?
7
Suppose k - 3*g - 2*g - 279 = 0, -3*k - 4*g = -742. What is the tens digit of k?
5
Suppose 3*t - 7*t = 0. Suppose t*o - 33 = -3*o. What is the units digit of o?
1
Suppose -2 = h, 5*f - 2*h - 373 = 196. What is the tens digit of f?
1
Let n(y) = y**3 + 3*y**2 + 2. Let j be n(-3). Suppose -j = 5*t - 7. What is the units digit of t?
1
Let w be ((-40)/25)/((-2)/(-10)). Let f = w - -13. Let o = f - -4. What is the units digit of o?
9
Let r(o) = -o**2 - 9*o + 4. Let m be r(-9). Suppose 28 = l - m*w, 5*l = w - 0*w + 64. Suppose -2*q + l = -0. What is the units digit of q?
6
Let f be (-5 + (1 - -2))*1. Let a be f - 0 - (16 + 1). Let n = -4 - a. What is the units digit of n?
5
Suppose 3*t - t - 4 = 0. Suppose 4*o + 10 = 6*o. Let a = o + t. What is the units digit of a?
7
Suppose -4*v - 124 = -4*x, -x + 5 + 29 = 2*v. What is the units digit of x?
2
Let f(z) be the third derivative of z**6/120 - 3*z**5/20 - 5*z**4/24 - 11*z**3/6 - 3*z**2. What is the tens digit of f(10)?
3
What is the units digit of 0/2 - 20/(-4)?
5
Suppose 73 - 178 = -5*c. Suppose 3*z + c = 2*o, -3*o + 57 = o - z. What is the units digit of o?
5
Suppose -2*h + 2*n + 12 = 0, 3*h - n + 3 = 15. Let a(j) = j**2 - 2*j + 4. What is the units digit of a(h)?
7
Suppose 0 = 2*w - 5*r - 643, -2*w + 469 + 124 = 5*r. What is the hundreds digit of w?
3
Let u(x) = -13 + 13 + 12*x. What is the tens digit of u(2)?
2
Let i = 9 + -11. What is the units digit of 2 + (0/i)/1?
2
Let j(y) = -3*y + 3. Let w be j(3). Let g(f) = f**3 + 5*f**2 - 7*f - 6. Let m be g(w). Let u = m + 1. What is the units digit of u?
1
What is the units digit of (1629/(-18))/((-2)/4)?
1
Let c(f) = -f - 3. Let h be c(-6). Let p be -1*h/(-3)*8. Suppose o - 2*q - p = 0, -q = 5*o - 29 - 0. What is the units digit of o?
6
Let b(j) = -j**3 - j**2 + 3*j. Let d be b(-3). Let g = 11 - d. Suppose 0 = g*u - 5*r - 0*r - 45, -2*u + r + 33 = 0. What is the units digit of u?
5
What is the tens digit of ((-1)/2)/(5 + 111/(-22))?
1
Let j(i) = 13*i - 4. Let h be j(4). Suppose 4*k = -4*u - 0*k + h, -45 = -4*u - 3*k. What is the units digit of u?
9
Suppose -2*l + 8 = 2*y, -2*l + 5*y - 3*y + 8 = 0. Let o(v) = v**2 + v - 4. What is the units digit of o(l)?
6
Let n be 1*168/((-12)/(-4)). What is the tens digit of n/2*39/52?
2
Suppose -m - 3*f + 4*f = 8, -4*f = 2*m + 16. Let q = 27 + m. What is the units digit of q?
9
Suppose 6*s - 265 = 563. What is the hundreds digit of s?
1
Suppose -7*x = -3*p - 4*x + 1110, 728 = 2*p + 2*x. What is the hundreds digit of p?
3
Let o(m) be the third derivative of m**7/2520 + m**6/720 + m**5/60 + 2*m**2. Let q(x) be the third derivative of o(x). What is the units digit of q(2)?
5
Let r = 1 + -4. Let d = 13 - r. What is the tens digit of d?
1
Let q = 11 + -31. Let k = q - -45. What is the tens digit of k?
2
Let x be 44/(-8)*-2 + 1. Suppose 18 = o - x. What is the tens digit of o?
3
What is the tens digit of 2/(73/(-25) - -3)?
2
Let m = 2 - 1. Suppose s + m = 6. Suppose 2*k = -5*c + 4*c + 16, -k = s*c - 26. What is the units digit of k?
6
What is the units digit of (5/(-10))/(((-2)/(-2))/(-258))?
9
Let v be (-1)/(-4) + 75/20. Let n(l) = l**2 - 2*l - 3. What is the units digit of n(v)?
5
What is the units digit of 3 - ((-12)/3 - 33)?
0
Let o(y) = -y**2 - 4*y + 2. Let p be o(-4). Suppose -3 - 27 = -p*u. What is the units digit of u?
5
Let n be 0 + 2 + 0 + -16. Let k = 1 - n. What is the tens digit of k?
1
Let o(y) = y**2 + 3*y - 6. Let m = -9 + 10. Let d be 10/((-2 - 0)/m). What is the units digit of o(d)?
4
Let c be 5/(3 - (-4)/(-1)). Suppose -q = q + 2. What is the units digit of c - -5 - q*8?
8
Suppose 0 = -4*i - 3*b + 116, -82 = 4*i - b - 198. What is the tens digit of i?
2
Suppose 0*y = 5*y - 15. Suppose 2*l = 4*a - 57 - 37, -134 = -5*a - y*l. What is the tens digit of a?
2
Suppose -r + 0 = 2. Let m be ((-5)/(-10))/((-1)/r). What is the units digit of m - 0 - (-7 - 0)?
8
Let j(u) = -u + 3. Let t(s) = s**2. Let d be t(-1). Let g be 0 + d/((-1)/7). What is th